c - 1. Let g be k(-2). Let d(q) = 0*q**3 + 113 + q**g + 0*q**2 + q**2. Is d(0) a prime number?
True
Let x(z) be the second derivative of 167*z**5/20 + z**4/6 - z**3/6 - z. Let c be x(1). Let m = c - 103. Is m composite?
True
Let m = 18 - 18. Suppose 2*f + 4*l - 66 = m, -2*f + l + 84 = -4*l. Is f composite?
False
Suppose -3*w = 5*q - 17, 2*w - 3*q - 12 = -7*q. Suppose -3*d + 1 - w = 0. Is ((-258)/(-24))/(d/(-4)) composite?
False
Is ((-99)/36)/((-2)/424) composite?
True
Suppose -x - 5*m = -461, -2*x - 3*m + 1443 = x. Suppose 4*w = -2*v + 2*w + x, 4*w = -16. Is v a prime number?
False
Let s(b) = -b**3 + 3*b**2 + 9*b - 4. Let m be s(7). Let x = -24 - m. Is x composite?
False
Let u be (-63)/(-5) + 6/(-10). Suppose 0 = -f - 3*f + u. Is f composite?
False
Let s(r) = 2*r**2 + 3*r - 2. Let x be s(-3). Let c(b) = b + 8. Is c(x) prime?
False
Let y be (-6)/9*-9 + -2. Suppose 0 = 3*k - 3*t - 54, 0*k - y*t = -5*k + 95. Is k a composite number?
False
Suppose -5*z - 12 - 18 = 0. Let t(g) = g**2 + 7*g + 8. Let y be t(z). Is (35 - 2) + y/(-1) composite?
False
Let p(m) = 2*m**2 + m + 10. Let z be p(-7). Suppose f - w = -3*w + z, 0 = f - 4*w - 131. Is f a composite number?
True
Suppose g = -g - 18. Let i(h) = 3*h + 2. Let j(z) = -4*z - 2. Let l(v) = 5*i(v) + 4*j(v). Is l(g) prime?
True
Is ((-423)/(-12))/(12/16) composite?
False
Suppose -5 = 5*z - 20. Suppose z*h - 109 = 218. Suppose -92 = -3*n + h. Is n a composite number?
False
Suppose -2 = h - 2*h. Suppose -h*i + 228 = -2*z + 66, -3*i = 3*z - 231. Is i composite?
False
Suppose 0 = -4*z + 4*a + a + 68, -44 = -5*z - 4*a. Let g = 77 - z. Is g composite?
True
Let q(y) = 2*y**2 - 4. Let p be q(-3). Is 7 + -6 - -5*p composite?
False
Suppose 5*p = -3*d + 252, 130 = 2*d + p - 45. Is d a composite number?
False
Let x(q) = 87*q**3 + q**2 - q. Is x(1) prime?
False
Let h = -3 - -4. Let k be 286 + -1 + h + -1. Suppose -367 = -3*c - 5*a, -k + 41 = -2*c - 3*a. Is c composite?
True
Let h(k) = 2*k**2 + 4*k - 3. Let n be h(-5). Let s = -15 + n. Suppose -x - s + 65 = 0. Is x a composite number?
False
Let h be (5 - 3/1) + 0. Is (h + 5/(-2))*-166 a composite number?
False
Let y(v) = -v**2 + 11. Suppose -3*c = 3*u - 15, 4*u + 3*c = 3 + 12. Is y(u) a composite number?
False
Let n(j) = -8*j**3 + 5*j**2 + 4*j. Let b be n(-3). Is (-5)/(b/(-123) + 2) composite?
True
Let d(a) = 13*a**3 - 14*a**2 - 8*a - 8. Is d(7) a prime number?
True
Suppose -4 - 21 = 5*a, -3*a - 45 = 5*q. Let y be (-3)/q*2*4. Suppose -13 = -y*c + 47. Is c prime?
False
Let d(h) = -h - 5. Let v be d(-9). Suppose -v = 3*s - s. Let j(n) = 40*n**2 + 3*n + 1. Is j(s) a prime number?
False
Let o be (-5)/((4/2)/(-2)). Suppose -3*u - 3*d = -4*d + 2, u = -o*d + 26. Is 0 + 17 + 2/u a composite number?
False
Suppose 9*w - 13*w + 1628 = 0. Is w a prime number?
False
Suppose k - 308 - 1401 = 0. Is k a composite number?
False
Let l be (-318)/5*20/(-6). Suppose 4*i - l = -0*i. Is i prime?
True
Let k(a) = 8*a**3 - 4*a**2 + 2*a - 11. Is k(4) prime?
False
Let b be (-3)/9 + 3/9. Let x be 1/(-1)*(b + 6). Is x/(-15) + 486/10 a composite number?
True
Suppose -3*v + 227 = 5*n - 647, -884 = -3*v + 5*n. Is v prime?
True
Let o(b) = 72*b + 3. Let v be o(4). Let j = -415 + 211. Let c = j + v. Is c a composite number?
True
Let w be ((-274)/(-4))/((-1)/2). Is 3/(-2) + w/(-2) a composite number?
False
Suppose 195 = -5*a + 10*a. Suppose -4*m = -a - 1. Suppose 0 = -2*w + 18 + m. Is w a prime number?
False
Suppose 4*f = 0, -4*t + 0*t - 4*f = -724. Is t prime?
True
Let u = -45 + 256. Is u a prime number?
True
Let q(x) = -x**2 + 5*x + 8. Let k be q(6). Let o be ((-936)/(-3))/(-2)*3. Is k/(o/237 + 2) prime?
True
Suppose -4*l - 2*k = -2, l = 3*l - 5*k - 31. Suppose -l*i - 83 = -4*i. Is i prime?
True
Suppose 0*a + 26 = 2*a. Let k = a - 6. Suppose -11*f + 716 = -k*f. Is f prime?
True
Suppose 4195 = 4*r + 2*c + 943, -5*r - 5*c + 4055 = 0. Is r a composite number?
True
Suppose 3*z = z + 22. Is z a composite number?
False
Let v(p) = p**3 - 6*p**2 - 6*p - 5. Let i be v(7). Suppose i*j = f + 569, 6*j = 2*j - 2*f + 1158. Is j a composite number?
True
Is (((-55)/10)/11)/(2/(-2036)) prime?
True
Let j = 16 + -15. Is 0/(-5) - -133*j prime?
False
Let d(w) = w - 4 - 4 + 21*w + 21*w. Is d(7) composite?
False
Suppose 5*q - 10 = a - 0*a, 3*q = -3*a + 6. Suppose n + m - 5*m - 72 = a, -2*m - 156 = -2*n. Suppose -3*f - 23 + n = 0. Is f a prime number?
True
Suppose 0 = -3*l + 1 - 7. Is 5/l*(-88)/10 prime?
False
Suppose -5*u + 71 = b, 6*b - 4*b + 4*u - 118 = 0. Is b/4 - 4/(-16) a prime number?
True
Let h = 151 - 103. Suppose 3*i - 21 = h. Is i a prime number?
True
Let w = -226 - -357. Is w a composite number?
False
Let f(y) = -55*y - 16. Is f(-5) composite?
True
Let j = 3079 + -1843. Suppose 5*g - j = 959. Is g a composite number?
False
Let g = 1992 - 299. Is g composite?
False
Let t be 10/55 + (-106)/(-22). Suppose -2*h = -4*w + 48 + 34, w + t*h = 4. Is w prime?
True
Let f(d) be the second derivative of 3*d**4/2 + d**3/3 + 3*d**2/2 - 3*d. Is f(-3) a prime number?
False
Let p(g) = g**3 - 4*g**2 - 5*g + 7. Let c be 6*-1*30/(-9). Suppose 0*o + c = 4*o. Is p(o) composite?
False
Let q = 1137 + -726. Is q a prime number?
False
Let i(q) = 59*q**3 - q**2 + q. Suppose 0 = 4*w - 9*w + 5. Is i(w) composite?
False
Let b = -3308 + 7861. Is b a prime number?
False
Suppose 0 = -0*b + 3*b + 5*q - 843, 0 = -5*b + 3*q + 1371. Suppose -l + 10 - 3 = 0. Suppose b = l*c - 3*c. Is c a composite number?
True
Suppose -3*i = -2*l + 188, 3*i - 267 = l - 4*l. Is (5 - 8) + (l - -1) composite?
False
Is (-4)/(-6) - 604/(-3) a composite number?
True
Suppose 4*x - 627 - 697 = 0. Is x composite?
False
Suppose p + 60 = 3*h - 2*h, 5*p - 30 = -h. Is h a composite number?
True
Let z(t) be the first derivative of -t**2/2 - 3*t - 2. Let m be z(-6). Is 6 + 0 - m/(-3) composite?
False
Let g = -151 + 61. Let m = -186 - g. Is m/(-9) + (-6)/9 a composite number?
True
Suppose 4*u + 5 = -3*z - 0, z + 2*u - 1 = 0. Suppose f + 114 = 2*a, -3*a + 95 = -2*f - 136. Let l = z - f. Is l a composite number?
False
Suppose 2*h + h - 120 = 0. Suppose -4*j = 4*q - h, -4*q - 1 + 2 = j. Is j a composite number?
False
Let z(n) = -263*n**3 + 3*n**2 - 2*n - 1. Is z(-2) a composite number?
True
Suppose b - 5*b + 1092 = 0. Suppose 3*q = -0*q + b. Is q a composite number?
True
Suppose -4*m - 2*n + 7*n = 17, -m + 17 = 3*n. Suppose m*p - 203 = 3*p. Is (4/4)/((-1)/p) composite?
True
Is -1 + -7 + 4 - -35 composite?
False
Let j = 2 - 2. Suppose j = 4*i + 1 - 41. Let n = i + 117. Is n prime?
True
Let q = -2 - -5. Suppose 0*k - q*k = -6. Suppose -5*t + 3*z = -419, -z = k*t - 3*z - 166. Is t prime?
False
Suppose 0 = 2*k + 4*s - 172, 5*k = -s + 293 + 137. Suppose -5*d - 165 = -10*d. Suppose d = z - k. Is z a composite number?
True
Let i be -36*(-4)/(8/7). Suppose -5*w = 4*s - 194, w - 328 + i = -4*s. Is s a prime number?
False
Let h = 65 - 45. Suppose 7*t = 2*t + h. Is 77/t - 3/12 a composite number?
False
Let r(x) = x**3 - x**2. Let c(y) = -4*y**3 - 4*y**2 + y + 4. Let m(j) = -c(j) + 4*r(j). Let o(k) be the first derivative of m(k). Is o(-1) a composite number?
False
Suppose 0 = 4*t + 22 - 506. Is t composite?
True
Let c(a) = a**3 - a**2 + 2*a + 4. Let k(o) = -o**3 - 1. Let w(g) = c(g) + 2*k(g). Let j be w(-2). Is (-2343)/(-27) - j/(-9) a prime number?
False
Suppose -2*b = -q + 123 + 127, -5*b + 4*q - 631 = 0. Is b/(-3) - (-1 + -1) composite?
False
Let l be (-9)/(-2) - (-1)/(-2). Is ((-382)/8)/(l/(-16)) a composite number?
False
Let w(f) = 245*f + 3. Let s be w(1). Suppose -4*a + 405 = 3*q, 5*q - 918 = -5*a - s. Is q a prime number?
True
Suppose -3*l = l + 8. Is -1*l/((-2)/(-203)) prime?
False
Suppose 2*z + 213 = 3*z - 3*s, z - 205 = s. Suppose 2*j - j + c - z = 0, 5*c = j - 189. Is j a composite number?
False
Suppose -228 = -f - 25. Is f prime?
False
Let m(n) = n**2 - 3*n + 1. Let r be m(4). Suppose -5*u - 3*d - 2*d = -105, -4*d - 150 = -r*u. Suppose 0 = -4*c + u + 330. Is c a composite number?
False
Suppose 5*s - 4*t = s - 4200, 5*t = -3*s - 3134. Let o = s + 722. Is 6/(-21) + o/(-14) a prime number?
True
Let m = 529 - 891. Let d = -217 - m. Is d composite?
True
Let g = 650 - 415. Is g composite?
True
Suppose -4*y + 271 = -297. Is y composite?
True
Suppose 4*h + 2*z - 3470 = 0, 2*h - 4*z = -z + 1